 r and 28.
14
Suppose 2*f = f + 5. Let k be -1 - ((-9)/3 + 2). Let c = k + f. What is the highest common factor of c and 10?
5
Let h = 251 + -240. Let r = 68 - 13. What is the highest common factor of h and r?
11
Suppose 1296 = -1212*o + 1216*o. Calculate the highest common divisor of o and 12.
12
Suppose -6*u - 814 + 58 = 0. Let g = u + 192. What is the greatest common factor of 44 and g?
22
Suppose -34*z + 39*z - 340 = 0. What is the highest common divisor of 612 and z?
68
Suppose 3*d = 7 + 44. Suppose 3*p = 4*k + 38, -p + k = -9 - 4. Suppose 2*g + 5*n - p = 0, -3*g + 4*g - 29 = 3*n. Calculate the highest common factor of g and d.
17
Suppose -23*m + 30 = -17*m. Suppose -3*h + 60 = m*f, 0*f = -3*h - f + 72. Calculate the greatest common divisor of 100 and h.
25
Let h be -2 + (0 - -37) + 2. What is the highest common factor of 111 and h?
37
Let h be (-20)/(-150) - 3176/(-30). What is the highest common divisor of h and 901?
53
Let v be -376*(-2)/10 - 13/65. What is the highest common factor of v and 15?
15
Let v(u) = u**2 - 6*u + 17. Let n be v(-5). Calculate the highest common divisor of n and 180.
36
Let s be 16/16*0/1. Suppose 2*v - 7*v - 5*i + 45 = s, 3 = -3*i. What is the greatest common factor of 30 and v?
10
Suppose 10*w = -3*i + 7*w + 315, -3*w = -3. What is the highest common divisor of 1352 and i?
104
Let g(r) = r**3 + 11*r**2 - 47*r - 48. Let l be g(-14). Calculate the greatest common factor of l and 319.
11
Suppose 14*n - 7*n - 4697 = 0. Calculate the greatest common factor of 61 and n.
61
Let i be (-2)/(-2)*1*-2. Suppose -5*w = -5*v + 85, -w - 35 = 4*w + 5*v. Let d be (-978)/w - (-1)/i. Calculate the highest common factor of d and 9.
9
Let f be (-178)/(-6) - (-2)/6. Let x(l) = 2*l**2 + 10*l + 3. Suppose -6*h = h + 63. Let r be x(h). What is the highest common factor of r and f?
15
Let m(z) = 2*z**3 - 5*z**2 - 4*z + 39. Let a be m(4). What is the greatest common divisor of 923 and a?
71
Let x(o) = -57 + 14*o + 4*o + 2*o + 5*o. Let q be x(5). What is the highest common divisor of q and 4?
4
Let g be (-1405)/(-25) - (-1)/(-5). Suppose 0 = -4*i + g. Suppose -1543*m - 560 = -1551*m. Calculate the greatest common divisor of i and m.
14
Let r(m) be the third derivative of -m**4/24 + 7*m**3/6 + 3*m**2. Let h be r(3). Let z be 2*(32/h - 0). Calculate the highest common divisor of z and 16.
16
Let g be ((-99)/(-21) - 5) + (-1830)/(-35). Calculate the greatest common factor of g and 13.
13
Suppose -4*k + 25 = k. Suppose k*x - 3*x - 2 = 0. What is the greatest common divisor of x and 1?
1
Let m be (-1 - -6)*(-30)/25. Let f be 99*-2*m/9. Calculate the highest common divisor of 12 and f.
12
Let s be 4/10 - -12*32/40. Let m be 2 - (0 + 3) - -3. Suppose -123 = -m*b - 43. What is the greatest common divisor of b and s?
10
Suppose 5*s = -3*z - 1, 2*z - 8 = -4*s + 4*z. Let g be (s + 10/(-4))*-2. Let v be 5 + -4 + (1 - 0). What is the highest common divisor of g and v?
1
Let j = 3 - -3. Suppose -j*g = -g. Suppose 5*q - 3*l + g = 42, 0 = 4*q - 2*l - 34. What is the greatest common factor of 9 and q?
9
Let s be 45/10*22/3. Calculate the highest common divisor of 220 and s.
11
Let i be 32/(2 + -3 - -3) - -1. Let m be i/3*(1 + 5). Calculate the highest common divisor of m and 306.
34
Let s be 1 - -1 - -1*3. Suppose -8 = -2*w + 2*l + 20, 15 = -s*l. What is the greatest common divisor of w and 33?
11
Suppose 0 = 2*y - 9*y + 882. Suppose y = 9*a - 3*a. Calculate the greatest common divisor of 3 and a.
3
Suppose 451 = 5*f - n, 0 = -3*f + 4*n - 33 + 307. What is the greatest common factor of f and 54?
18
Let a be ((-4)/5)/((-1)/640*4). Calculate the highest common divisor of a and 32.
32
Suppose -135 = -f - 3*d, -2*f - 3*d = d - 260. Suppose 2*u + f = 2*b, 0 = -b - 2*b + u + 188. Calculate the greatest common divisor of 8 and b.
8
Let b = 580 + -516. What is the highest common factor of 5 and b?
1
Suppose -114 = -4*l - 3*h + 108, 226 = 4*l + 5*h. What is the greatest common factor of 702 and l?
54
Let l be (-78)/20 - 4/40. Let a = 7 - l. Calculate the highest common divisor of 33 and a.
11
Let l be (-3)/2*728/(-6). Let s be l/5 - (-10)/(-25). What is the greatest common divisor of 12 and s?
12
Suppose 0 = 2*v - 7 - 45. Let k be 13/v - 139/(-2). What is the greatest common divisor of k and 28?
14
Let s(o) = 2*o**2 - 2*o**2 - 12 - 3*o + 0*o + o**2. Let w be s(-7). What is the highest common divisor of w and 145?
29
Suppose 2*b + 2*i - 5 = 5, i + 5 = 0. Let w(l) = -11*l - 15. Let u be w(-5). What is the highest common divisor of u and b?
10
Suppose 38*r + 145 = 2881. What is the greatest common divisor of r and 90?
18
Let h(s) = 2*s + 1. Let b be h(2). Let x(f) = 4 + 3*f**2 + f**2 + 1 + 10*f. Let m be x(-5). Calculate the highest common factor of m and b.
5
Let a = -106 - -126. What is the greatest common factor of a and 5?
5
Let p be 0 + (-95 - -2) - -3. Let a = p - -141. What is the highest common factor of 34 and a?
17
Let q(k) be the third derivative of -13*k**4/24 + k**3/6 + 2*k**2. Let d be q(-2). Calculate the highest common divisor of d and 54.
27
Let u = -483 - -1379. Calculate the highest common divisor of 28 and u.
28
Let d = 252 + -102. Calculate the greatest common factor of 60 and d.
30
Suppose 0 = -0*d - 7*d + 154. What is the highest common divisor of d and 550?
22
Let m(i) = i**3 - 4*i**2 - 5*i + 2. Let j be m(5). Suppose t - 5 = 0, -3*t + 6*t + 25 = j*r. Calculate the greatest common divisor of r and 220.
20
Let u(v) be the third derivative of -v**5/30 - 3*v**4/8 + v**3/3 + v**2. Let q be u(-4). Calculate the greatest common divisor of q and 15.
3
Suppose w - 70 = -4*a, -w + 66 = -4*a + 4. What is the greatest common factor of 1221 and w?
33
Let i be 4/(-12) - 1300/(-39). Calculate the highest common factor of i and 297.
33
Let j be ((-6)/8)/(1/(-4))*1. Suppose 13 = j*g - 11. Let r be ((-32)/(-10))/(3/15). Calculate the highest common divisor of r and g.
8
Let s be (-40 + 37)*(-117)/(-3)*-1. What is the greatest common divisor of s and 45?
9
Let u(d) = -9*d + 273. Let n be u(20). What is the greatest common factor of 9 and n?
3
Let z be (1272/12)/(-2 + 4). Calculate the highest common divisor of 53 and z.
53
Let u = -443 + 473. What is the highest common divisor of u and 930?
30
Let h = 1818 - 1762. Suppose 20 + 44 = 4*z. Calculate the greatest common divisor of z and h.
8
Suppose -4*a + 42*a = 1216. Calculate the highest common divisor of a and 1584.
16
Let z = 1914 + -1650. What is the highest common divisor of z and 72?
24
Suppose 2*s - 2839 = -617. What is the greatest common divisor of s and 11?
11
Let r = -24 + 27. Suppose 136 = 3*n - n. Suppose 5*b + 2*v - n = 0, 3*b + 2*b - 76 = -4*v. Calculate the highest common divisor of r and b.
3
Suppose 10*m - 2753 = -413. What is the greatest common factor of 18 and m?
18
Let j(h) = -h + 2. Let o be j(3). Let n be o*-6*16/12. Suppose -3*g + 17 + 7 = -z, -2*z = 0. What is the highest common divisor of n and g?
8
Let m(y) be the third derivative of 3*y**5/20 - y**4/12 + 2*y**3 - 36*y**2. Let o be m(-3). What is the greatest common factor of 33 and o?
33
Let k(l) = -8*l - l**3 - 7*l**2 + 0 - 7 - 6. Let b be k(-6). Let w be (-3 - -11)*(-1)/b. Calculate the greatest common divisor of 2 and w.
2
Let y = -3566 + 2531. Let n = -595 - y. Calculate the greatest common factor of n and 44.
44
Suppose 295 = 4*i + 2*w - 3, 2*i + 5*w - 137 = 0. Let f = i + -71. What is the highest common factor of 10 and f?
5
Let i be 26*(4 - 27/6). Let u = i - -9. Let y be u/((-64)/31 + 2). What is the highest common divisor of 93 and y?
31
Let l be ((-14)/(-5))/(553/2370). What is the greatest common factor of l and 128?
4
Let b = -18 + 11. Let r(h) = -3*h - 3. Let y be r(b). Suppose -308 = -2*x + 2*j - 82, j - 319 = -3*x. Calculate the greatest common divisor of y and x.
18
Let l(t) be the first derivative of 409*t**2/2 - 2*t + 11. Let s be l(1). What is the greatest common divisor of s and 37?
37
Let x be 108/(-8)*4/(-3). Suppose -31*f + 25*f = -12. Calculate the highest common divisor of f and x.
2
Let z = 282 + -217. Suppose 0 = 12*h - 17*h + 65. Calculate the greatest common factor of z and h.
13
Let o be 25/2*940/25. Let u = -327 + o. Calculate the highest common factor of 13 and u.
13
Suppose 170 = 14*l - 950. Wha